0 is divided by 2097.
7
Calculate the remainder when 143839 is divided by 30.
19
What is the remainder when 3631 is divided by 1204?
19
Calculate the remainder when 514426 is divided by 8.
2
Calculate the remainder when 8839 is divided by 2903.
130
Calculate the remainder when 55314 is divided by 299.
298
What is the remainder when 2912 is divided by 121?
8
What is the remainder when 19274 is divided by 162?
158
What is the remainder when 398859 is divided by 74?
73
Calculate the remainder when 151215 is divided by 113.
21
What is the remainder when 12682 is divided by 1097?
615
Calculate the remainder when 771822 is divided by 771799.
23
Calculate the remainder when 96279 is divided by 29.
28
What is the remainder when 122255 is divided by 42?
35
What is the remainder when 19057 is divided by 155?
147
What is the remainder when 44729 is divided by 45?
44
What is the remainder when 2413 is divided by 2248?
165
What is the remainder when 12227 is divided by 490?
467
Calculate the remainder when 1439 is divided by 364.
347
Calculate the remainder when 16914 is divided by 130.
14
What is the remainder when 1758 is divided by 11?
9
Calculate the remainder when 25114 is divided by 1477.
5
Calculate the remainder when 4150 is divided by 698.
660
Calculate the remainder when 20826 is divided by 95.
21
What is the remainder when 21547 is divided by 94?
21
Calculate the remainder when 474 is divided by 1.
0
What is the remainder when 737805 is divided by 33535?
35
Calculate the remainder when 3772 is divided by 28.
20
Calculate the remainder when 1301077 is divided by 38.
33
Calculate the remainder when 10007 is divided by 457.
410
What is the remainder when 359680 is divided by 437?
29
Calculate the remainder when 271777 is divided by 73.
71
What is the remainder when 2322 is divided by 545?
142
What is the remainder when 523021 is divided by 152?
141
Calculate the remainder when 1169 is divided by 90.
89
Calculate the remainder when 3101948 is divided by 192.
188
What is the remainder when 75028 is divided by 465?
163
Calculate the remainder when 32164 is divided by 35.
34
What is the remainder when 4800 is divided by 327?
222
Calculate the remainder when 9011 is divided by 1739.
316
Calculate the remainder when 242902 is divided by 527.
482
What is the remainder when 9936 is divided by 941?
526
What is the remainder when 1937 is divided by 26?
13
Calculate the remainder when 5997 is divided by 492.
93
What is the remainder when 60502 is divided by 571?
547
What is the remainder when 11432 is divided by 815?
22
What is the remainder when 18874 is divided by 484?
482
What is the remainder when 20317 is divided by 294?
31
What is the remainder when 2075 is divided by 41?
25
What is the remainder when 19836 is divided by 124?
120
What is the remainder when 2950 is divided by 1450?
50
Calculate the remainder when 6952 is divided by 2190.
382
Calculate the remainder when 15099 is divided by 628.
27
What is the remainder when 24948 is divided by 127?
56
Calculate the remainder when 1989070 is divided by 72.
70
Calculate the remainder when 84496 is divided by 422.
96
What is the remainder when 2544046 is divided by 39?
37
What is the remainder when 717 is divided by 206?
99
Calculate the remainder when 136405 is divided by 98.
87
What is the remainder when 9881 is divided by 826?
795
Calculate the remainder when 5709 is divided by 5705.
4
Calculate the remainder when 283048 is divided by 85.
83
What is the remainder when 44364 is divided by 376?
372
Calculate the remainder when 232863 is divided by 3696.
15
What is the remainder when 2511 is divided by 993?
525
Calculate the remainder when 1588 is divided by 106.
104
What is the remainder when 333750 is divided by 17?
6
What is the remainder when 1264 is divided by 124?
24
Calculate the remainder when 3195 is divided by 45.
0
Calculate the remainder when 53994 is divided by 25.
19
Calculate the remainder when 229429 is divided by 1416.
37
Calculate the remainder when 12642 is divided by 276.
222
What is the remainder when 1258 is divided by 144?
106
Calculate the remainder when 13336 is divided by 289.
42
What is the remainder when 36357 is divided by 932?
9
What is the remainder when 815 is divided by 134?
11
What is the remainder when 7783 is divided by 205?
198
What is the remainder when 219288 is divided by 60?
48
Calculate the remainder when 6487 is divided by 551.
426
Calculate the remainder when 37945 is divided by 20.
5
Calculate the remainder when 435 is divided by 374.
61
What is the remainder when 7364 is divided by 2445?
29
Calculate the remainder when 55446 is divided by 4265.
1
What is the remainder when 5601 is divided by 200?
1
Calculate the remainder when 156 is divided by 87.
69
Calculate the remainder when 14190 is divided by 3542.
22
Calculate the remainder when 51887 is divided by 188.
187
What is the remainder when 15590 is divided by 285?
200
What is the remainder when 22823 is divided by 14?
3
Calculate the remainder when 800 is divided by 415.
385
Calculate the remainder when 2819 is divided by 1402.
15
What is the remainder when 17729 is divided by 89?
18
What is the remainder when 45545 is divided by 15152?
89
Calculate the remainder when 11065 is divided by 196.
89
Calculate the remainder when 40059 is divided by 37.
25
Calculate the remainder when 17058 is divided by 101.
90
Calculate the remainder when 6047 is divided by 1005.
17
What is the remainder when 3491 is divided by 47?
13
Calculate the remainder when 990385 is divided by 196.
193
Calculate the remainder when 13074 is divided by 40.
34
What is the remainder when 1679 is divided by 1219?
460
What is the remainder when 15672 is divided by 27?
12
What is the remainder when 16688 is divided by 4?
0
What is the remainder when 2950 is divided by 70?
10
What is the remainder when 3181 is divided by 1215?
751
Calculate the remainder when 26216 is divided by 562.
364
Calculate the remainder when 196970 is divided by 412.
34
What is the remainder when 4931 is divided by 128?
67
What is the remainder when 3260 is divided by 265?
80
Calculate the remainder when 109556 is divided by 596.
488
Calculate the remainder when 2878 is divided by 17.
5
Calculate the remainder when 1959 is divided by 27.
15
What is the remainder when 1031 is divided by 25?
6
Calculate the remainder when 2975 is divided by 2470.
505
What is the remainder when 1655 is divided by 325?
30
Calculate the remainder when 200279 is divided by 2.
1
What is the remainder when 11072 is divided by 5535?
2
What is the remainder when 19136 is divided by 2365?
216
Calculate the remainder when 46094 is divided by 1183.
1140
What is the remainder when 29660 is divided by 179?
125
What is the remainder when 6581 is divided by 2186?
23
What is the remainder when 18833 is divided by 21?
17
Calculate the remainder when 1825933 is divided by 1666.
1663
Calculate the remainder when 127491 is divided by 51.
42
What is the remainder when 57471 is divided by 93?
90
What is the remainder when 24159 is divided by 212?
203
Calculate the remainder when 18087 is divided by 6022.
21
Calculate the remainder when 6453 is divided by 1686.
1395
Calculate the remainder when 164998 is divided by 125.
123
What is the remainder when 153971 is divided by 468?
467
What is the remainder when 2802 is divided by 71?
33
Calculate the remainder when 118229 is divided by 946.
925
Calculate the remainder when 24161 is divided by 5957.
333
What is the remainder when 4190 is divided by 2007?
176
What is the remainder when 4094 is divided by 1021?
10
What is the remainder when 2525 is divided by 253?
248
What is the remainder when 457161 is divided by 68?
65
What is the remainder when 3707 is divided by 498?
221
What is the remainder when 994 is divided by 167?
159
What is the remainder when 23006 is divided by 7663?
17
What is the remainder when 13046 is divided by 251?
245
Calculate the remainder when 29969 is divided by 46.
23
Calculate the remainder when 9241 is divided by 23.
18
Calculate the remainder when 3063 is divided by 21.
18
What is the remainder when 444400 is divided by 118?
12
Calculate the remainder when 144609 is divided by 23.
8
Calculate the remainder when 6729 is divided by 3363.
3
W